{"id":12727,"date":"2025-09-08T08:45:37","date_gmt":"2025-09-08T12:45:37","guid":{"rendered":"https:\/\/www.boutiqueaulit.ca\/?post_type=product&#038;p=12727"},"modified":"2026-02-03T08:31:00","modified_gmt":"2026-02-03T13:31:00","slug":"lit-reglable-rio-3-0","status":"publish","type":"product","link":"https:\/\/www.boutiqueaulit.ca\/en\/product\/lit-reglable-rio-3-0\/","title":{"rendered":"Lit r\u00e9glable RIO 3.0"},"content":{"rendered":"","protected":false},"excerpt":{"rendered":"<p>Profitez d&#8217;un contr\u00f4le total de votre lit gr\u00e2ce \u00e0 l&#8217;articulation de la t\u00eate et des pieds et \u00e0 une t\u00e9l\u00e9commande sans fil. Le RIO\u2122 3.0 est \u00e9galement \u00e9quip\u00e9 d&#8217;un \u00e9clairage sous le lit et de r\u00e9glages populaires comme les options Zero-G et One-Touch Flat. Facile \u00e0 installer et fonctionne avec un matelas pliable*, c&#8217;est une excellente mise \u00e0 niveau pour votre lit existant.<\/p>\n<p>*Les bases ajustables ne sont pas adapt\u00e9es pour tous les matelas, le client doit s\u2019assurer que sont matelas est adapt\u00e9, pour celle-ci.<br \/>\nMatelas ressort doit \u00eatre pliable.<\/p>\n","protected":false},"featured_media":12804,"template":"","meta":{"_monsterinsights_skip_tracking":false,"_monsterinsights_sitenote_active":false,"_monsterinsights_sitenote_note":"","_monsterinsights_sitenote_category":0},"product_cat":[359,379,358],"product_tag":[],"acf":[],"yoast_head":"<!-- This site is optimized with the Yoast SEO plugin v21.8 - https:\/\/yoast.com\/wordpress\/plugins\/seo\/ -->\n<title>Lit r\u00e9glable RIO 3.0 - auLit<\/title>\n<meta name=\"description\" content=\"Profitez d&#039;un contr\u00f4le total de votre lit gr\u00e2ce \u00e0 l&#039;articulation de la t\u00eate et des pieds et \u00e0 une t\u00e9l\u00e9commande sans fil.\" \/>\n<meta name=\"robots\" content=\"index, follow, max-snippet:-1, max-image-preview:large, max-video-preview:-1\" \/>\n<link rel=\"canonical\" href=\"https:\/\/www.boutiqueaulit.ca\/product\/lit-reglable-rio-3-0\/\" \/>\n<meta property=\"og:locale\" content=\"en_US\" \/>\n<meta property=\"og:type\" content=\"article\" \/>\n<meta property=\"og:title\" content=\"Lit r\u00e9glable RIO 3.0 - auLit\" \/>\n<meta property=\"og:description\" content=\"Profitez d&#039;un contr\u00f4le total de votre lit gr\u00e2ce \u00e0 l&#039;articulation de la t\u00eate et des pieds et \u00e0 une t\u00e9l\u00e9commande sans fil.\" \/>\n<meta property=\"og:url\" content=\"https:\/\/www.boutiqueaulit.ca\/product\/lit-reglable-rio-3-0\/\" \/>\n<meta property=\"og:site_name\" content=\"auLit\" \/>\n<meta property=\"article:publisher\" content=\"https:\/\/www.facebook.com\/BoutiqueauLit\/\" \/>\n<meta property=\"article:modified_time\" content=\"2026-02-03T13:31:00+00:00\" \/>\n<meta property=\"og:image\" content=\"https:\/\/www.boutiqueaulit.ca\/wp-content\/uploads\/2025\/09\/rio3-4.jpg\" \/>\n\t<meta property=\"og:image:width\" content=\"900\" \/>\n\t<meta property=\"og:image:height\" content=\"505\" \/>\n\t<meta property=\"og:image:type\" content=\"image\/jpeg\" \/>\n<meta name=\"twitter:card\" content=\"summary_large_image\" \/>\n<meta name=\"twitter:label1\" content=\"Est. reading time\" \/>\n\t<meta name=\"twitter:data1\" content=\"1 minute\" \/>\n<script type=\"application\/ld+json\" class=\"yoast-schema-graph\">{\"@context\":\"https:\/\/schema.org\",\"@graph\":[{\"@type\":\"WebPage\",\"@id\":\"https:\/\/www.boutiqueaulit.ca\/product\/lit-reglable-rio-3-0\/\",\"url\":\"https:\/\/www.boutiqueaulit.ca\/product\/lit-reglable-rio-3-0\/\",\"name\":\"Lit r\u00e9glable RIO 3.0 - auLit\",\"isPartOf\":{\"@id\":\"https:\/\/www.boutiqueaulit.ca\/#website\"},\"datePublished\":\"2025-09-08T12:45:37+00:00\",\"dateModified\":\"2026-02-03T13:31:00+00:00\",\"description\":\"Profitez d'un contr\u00f4le total de votre lit gr\u00e2ce \u00e0 l'articulation de la t\u00eate et des pieds et \u00e0 une t\u00e9l\u00e9commande sans fil.\",\"breadcrumb\":{\"@id\":\"https:\/\/www.boutiqueaulit.ca\/product\/lit-reglable-rio-3-0\/#breadcrumb\"},\"inLanguage\":\"en-CA\",\"potentialAction\":[{\"@type\":\"ReadAction\",\"target\":[\"https:\/\/www.boutiqueaulit.ca\/product\/lit-reglable-rio-3-0\/\"]}]},{\"@type\":\"BreadcrumbList\",\"@id\":\"https:\/\/www.boutiqueaulit.ca\/product\/lit-reglable-rio-3-0\/#breadcrumb\",\"itemListElement\":[{\"@type\":\"ListItem\",\"position\":1,\"name\":\"Accueil\",\"item\":\"https:\/\/www.boutiqueaulit.ca\/en\/\"},{\"@type\":\"ListItem\",\"position\":2,\"name\":\"Shop\",\"item\":\"https:\/\/www.boutiqueaulit.ca\/en\/shop\/\"},{\"@type\":\"ListItem\",\"position\":3,\"name\":\"Lits \u00e9lectrique\",\"item\":\"https:\/\/www.boutiqueaulit.ca\/product_cat\/lits-electrique\/\"},{\"@type\":\"ListItem\",\"position\":4,\"name\":\"Lit r\u00e9glable RIO 3.0\"}]},{\"@type\":\"WebSite\",\"@id\":\"https:\/\/www.boutiqueaulit.ca\/#website\",\"url\":\"https:\/\/www.boutiqueaulit.ca\/\",\"name\":\"auLit\",\"description\":\"La journ\u00e9e vous appartient.\",\"publisher\":{\"@id\":\"https:\/\/www.boutiqueaulit.ca\/#organization\"},\"potentialAction\":[{\"@type\":\"SearchAction\",\"target\":{\"@type\":\"EntryPoint\",\"urlTemplate\":\"https:\/\/www.boutiqueaulit.ca\/?s={search_term_string}\"},\"query-input\":\"required name=search_term_string\"}],\"inLanguage\":\"en-CA\"},{\"@type\":\"Organization\",\"@id\":\"https:\/\/www.boutiqueaulit.ca\/#organization\",\"name\":\"Boutique auLit\",\"url\":\"https:\/\/www.boutiqueaulit.ca\/\",\"logo\":{\"@type\":\"ImageObject\",\"inLanguage\":\"en-CA\",\"@id\":\"https:\/\/www.boutiqueaulit.ca\/#\/schema\/logo\/image\/\",\"url\":\"https:\/\/www.boutiqueaulit.ca\/wp-content\/uploads\/2019\/03\/AuLit-logo.png\",\"contentUrl\":\"https:\/\/www.boutiqueaulit.ca\/wp-content\/uploads\/2019\/03\/AuLit-logo.png\",\"width\":400,\"height\":400,\"caption\":\"Boutique auLit\"},\"image\":{\"@id\":\"https:\/\/www.boutiqueaulit.ca\/#\/schema\/logo\/image\/\"},\"sameAs\":[\"https:\/\/www.facebook.com\/BoutiqueauLit\/\",\"https:\/\/www.youtube.com\/channel\/UCVwMwsNL9lzGhIAUGlH5ZxQ\"]}]}<\/script>\n<!-- \/ Yoast SEO plugin. -->","yoast_head_json":{"title":"Lit r\u00e9glable RIO 3.0 - auLit","description":"Profitez d'un contr\u00f4le total de votre lit gr\u00e2ce \u00e0 l'articulation de la t\u00eate et des pieds et \u00e0 une t\u00e9l\u00e9commande sans fil.","robots":{"index":"index","follow":"follow","max-snippet":"max-snippet:-1","max-image-preview":"max-image-preview:large","max-video-preview":"max-video-preview:-1"},"canonical":"https:\/\/www.boutiqueaulit.ca\/product\/lit-reglable-rio-3-0\/","og_locale":"en_US","og_type":"article","og_title":"Lit r\u00e9glable RIO 3.0 - auLit","og_description":"Profitez d'un contr\u00f4le total de votre lit gr\u00e2ce \u00e0 l'articulation de la t\u00eate et des pieds et \u00e0 une t\u00e9l\u00e9commande sans fil.","og_url":"https:\/\/www.boutiqueaulit.ca\/product\/lit-reglable-rio-3-0\/","og_site_name":"auLit","article_publisher":"https:\/\/www.facebook.com\/BoutiqueauLit\/","article_modified_time":"2026-02-03T13:31:00+00:00","og_image":[{"width":900,"height":505,"url":"https:\/\/www.boutiqueaulit.ca\/wp-content\/uploads\/2025\/09\/rio3-4.jpg","type":"image\/jpeg"}],"twitter_card":"summary_large_image","twitter_misc":{"Est. reading time":"1 minute"},"schema":{"@context":"https:\/\/schema.org","@graph":[{"@type":"WebPage","@id":"https:\/\/www.boutiqueaulit.ca\/product\/lit-reglable-rio-3-0\/","url":"https:\/\/www.boutiqueaulit.ca\/product\/lit-reglable-rio-3-0\/","name":"Lit r\u00e9glable RIO 3.0 - auLit","isPartOf":{"@id":"https:\/\/www.boutiqueaulit.ca\/#website"},"datePublished":"2025-09-08T12:45:37+00:00","dateModified":"2026-02-03T13:31:00+00:00","description":"Profitez d'un contr\u00f4le total de votre lit gr\u00e2ce \u00e0 l'articulation de la t\u00eate et des pieds et \u00e0 une t\u00e9l\u00e9commande sans fil.","breadcrumb":{"@id":"https:\/\/www.boutiqueaulit.ca\/product\/lit-reglable-rio-3-0\/#breadcrumb"},"inLanguage":"en-CA","potentialAction":[{"@type":"ReadAction","target":["https:\/\/www.boutiqueaulit.ca\/product\/lit-reglable-rio-3-0\/"]}]},{"@type":"BreadcrumbList","@id":"https:\/\/www.boutiqueaulit.ca\/product\/lit-reglable-rio-3-0\/#breadcrumb","itemListElement":[{"@type":"ListItem","position":1,"name":"Accueil","item":"https:\/\/www.boutiqueaulit.ca\/en\/"},{"@type":"ListItem","position":2,"name":"Shop","item":"https:\/\/www.boutiqueaulit.ca\/en\/shop\/"},{"@type":"ListItem","position":3,"name":"Lits \u00e9lectrique","item":"https:\/\/www.boutiqueaulit.ca\/product_cat\/lits-electrique\/"},{"@type":"ListItem","position":4,"name":"Lit r\u00e9glable RIO 3.0"}]},{"@type":"WebSite","@id":"https:\/\/www.boutiqueaulit.ca\/#website","url":"https:\/\/www.boutiqueaulit.ca\/","name":"auLit","description":"La journ\u00e9e vous appartient.","publisher":{"@id":"https:\/\/www.boutiqueaulit.ca\/#organization"},"potentialAction":[{"@type":"SearchAction","target":{"@type":"EntryPoint","urlTemplate":"https:\/\/www.boutiqueaulit.ca\/?s={search_term_string}"},"query-input":"required name=search_term_string"}],"inLanguage":"en-CA"},{"@type":"Organization","@id":"https:\/\/www.boutiqueaulit.ca\/#organization","name":"Boutique auLit","url":"https:\/\/www.boutiqueaulit.ca\/","logo":{"@type":"ImageObject","inLanguage":"en-CA","@id":"https:\/\/www.boutiqueaulit.ca\/#\/schema\/logo\/image\/","url":"https:\/\/www.boutiqueaulit.ca\/wp-content\/uploads\/2019\/03\/AuLit-logo.png","contentUrl":"https:\/\/www.boutiqueaulit.ca\/wp-content\/uploads\/2019\/03\/AuLit-logo.png","width":400,"height":400,"caption":"Boutique auLit"},"image":{"@id":"https:\/\/www.boutiqueaulit.ca\/#\/schema\/logo\/image\/"},"sameAs":["https:\/\/www.facebook.com\/BoutiqueauLit\/","https:\/\/www.youtube.com\/channel\/UCVwMwsNL9lzGhIAUGlH5ZxQ"]}]}},"_links":{"self":[{"href":"https:\/\/www.boutiqueaulit.ca\/en\/wp-json\/wp\/v2\/product\/12727"}],"collection":[{"href":"https:\/\/www.boutiqueaulit.ca\/en\/wp-json\/wp\/v2\/product"}],"about":[{"href":"https:\/\/www.boutiqueaulit.ca\/en\/wp-json\/wp\/v2\/types\/product"}],"wp:featuredmedia":[{"embeddable":true,"href":"https:\/\/www.boutiqueaulit.ca\/en\/wp-json\/wp\/v2\/media\/12804"}],"wp:attachment":[{"href":"https:\/\/www.boutiqueaulit.ca\/en\/wp-json\/wp\/v2\/media?parent=12727"}],"wp:term":[{"taxonomy":"product_cat","embeddable":true,"href":"https:\/\/www.boutiqueaulit.ca\/en\/wp-json\/wp\/v2\/product_cat?post=12727"},{"taxonomy":"product_tag","embeddable":true,"href":"https:\/\/www.boutiqueaulit.ca\/en\/wp-json\/wp\/v2\/product_tag?post=12727"}],"curies":[{"name":"wp","href":"https:\/\/api.w.org\/{rel}","templated":true}]}}

Lit réglable RIO 3.0

<p>Profitez d&#8217;un contrôle total de votre lit grâce à l&#8217;articulation de la tête et des pieds et à une télécommande sans fil. Le RIO™ 3.0 est également équipé d&#8217;un éclairage sous le lit et de réglages populaires comme les options Zero-G et One-Touch Flat. Facile à installer et fonctionne avec un matelas pliable*, c&#8217;est une excellente mise à niveau pour votre lit existant.</p>
<p>*Les bases ajustables ne sont pas adaptées pour tous les matelas, le client doit s’assurer que sont matelas est adapté, pour celle-ci.<br />
Matelas ressort doit être pliable.</p>

<!-- This site is optimized with the Yoast SEO plugin v21.8 - https://yoast.com/wordpress/plugins/seo/ -->
<title>Lit réglable RIO 3.0 - auLit</title>
<meta name="description" content="Profitez d&#039;un contrôle total de votre lit grâce à l&#039;articulation de la tête et des pieds et à une télécommande sans fil." />
<meta name="robots" content="index, follow, max-snippet:-1, max-image-preview:large, max-video-preview:-1" />
<link rel="canonical" href="https://www.boutiqueaulit.ca/product/lit-reglable-rio-3-0/" />
<meta property="og:locale" content="en_US" />
<meta property="og:type" content="article" />
<meta property="og:title" content="Lit réglable RIO 3.0 - auLit" />
<meta property="og:description" content="Profitez d&#039;un contrôle total de votre lit grâce à l&#039;articulation de la tête et des pieds et à une télécommande sans fil." />
<meta property="og:url" content="https://www.boutiqueaulit.ca/product/lit-reglable-rio-3-0/" />
<meta property="og:site_name" content="auLit" />
<meta property="article:publisher" content="https://www.facebook.com/BoutiqueauLit/" />
<meta property="article:modified_time" content="2026-02-03T13:31:00+00:00" />
<meta property="og:image" content="https://www.boutiqueaulit.ca/wp-content/uploads/2025/09/rio3-4.jpg" />
	<meta property="og:image:width" content="900" />
	<meta property="og:image:height" content="505" />
	<meta property="og:image:type" content="image/jpeg" />
<meta name="twitter:card" content="summary_large_image" />
<meta name="twitter:label1" content="Est. reading time" />
	<meta name="twitter:data1" content="1 minute" />
<script type="application/ld+json" class="yoast-schema-graph">{"@context":"https://schema.org","@graph":[{"@type":"WebPage","@id":"https://www.boutiqueaulit.ca/product/lit-reglable-rio-3-0/","url":"https://www.boutiqueaulit.ca/product/lit-reglable-rio-3-0/","name":"Lit réglable RIO 3.0 - auLit","isPartOf":{"@id":"https://www.boutiqueaulit.ca/#website"},"datePublished":"2025-09-08T12:45:37+00:00","dateModified":"2026-02-03T13:31:00+00:00","description":"Profitez d'un contrôle total de votre lit grâce à l'articulation de la tête et des pieds et à une télécommande sans fil.","breadcrumb":{"@id":"https://www.boutiqueaulit.ca/product/lit-reglable-rio-3-0/#breadcrumb"},"inLanguage":"en-CA","potentialAction":[{"@type":"ReadAction","target":["https://www.boutiqueaulit.ca/product/lit-reglable-rio-3-0/"]}]},{"@type":"BreadcrumbList","@id":"https://www.boutiqueaulit.ca/product/lit-reglable-rio-3-0/#breadcrumb","itemListElement":[{"@type":"ListItem","position":1,"name":"Accueil","item":"https://www.boutiqueaulit.ca/en/"},{"@type":"ListItem","position":2,"name":"Shop","item":"https://www.boutiqueaulit.ca/en/shop/"},{"@type":"ListItem","position":3,"name":"Lits électrique","item":"https://www.boutiqueaulit.ca/product_cat/lits-electrique/"},{"@type":"ListItem","position":4,"name":"Lit réglable RIO 3.0"}]},{"@type":"WebSite","@id":"https://www.boutiqueaulit.ca/#website","url":"https://www.boutiqueaulit.ca/","name":"auLit","description":"La journée vous appartient.","publisher":{"@id":"https://www.boutiqueaulit.ca/#organization"},"potentialAction":[{"@type":"SearchAction","target":{"@type":"EntryPoint","urlTemplate":"https://www.boutiqueaulit.ca/?s={search_term_string}"},"query-input":"required name=search_term_string"}],"inLanguage":"en-CA"},{"@type":"Organization","@id":"https://www.boutiqueaulit.ca/#organization","name":"Boutique auLit","url":"https://www.boutiqueaulit.ca/","logo":{"@type":"ImageObject","inLanguage":"en-CA","@id":"https://www.boutiqueaulit.ca/#/schema/logo/image/","url":"https://www.boutiqueaulit.ca/wp-content/uploads/2019/03/AuLit-logo.png","contentUrl":"https://www.boutiqueaulit.ca/wp-content/uploads/2019/03/AuLit-logo.png","width":400,"height":400,"caption":"Boutique auLit"},"image":{"@id":"https://www.boutiqueaulit.ca/#/schema/logo/image/"},"sameAs":["https://www.facebook.com/BoutiqueauLit/","https://www.youtube.com/channel/UCVwMwsNL9lzGhIAUGlH5ZxQ"]}]}</script>
<!-- / Yoast SEO plugin. -->

Lit réglable RIO 3.0 - auLit

Profitez d'un contrôle total de votre lit grâce à l'articulation de la tête et des pieds et à une télécommande sans fil.

Lits électrique

La journée vous appartient.
